{"id":35,"date":"2021-06-29T16:02:06","date_gmt":"2021-06-29T16:02:06","guid":{"rendered":"https:\/\/www.env.nm.gov\/general\/epa-and-nmed-informal-resolution-agreement-no-09r-02-r6-public-participation-limited-english-proficiency-and-non-employee-disability-policies\/"},"modified":"2022-08-23T20:37:51","modified_gmt":"2022-08-23T20:37:51","slug":"epa-and-nmed-informal-resolution-agreement-no-09r-02-r6-public-participation-limited-english-proficiency-and-non-employee-disability-policies","status":"publish","type":"page","link":"https:\/\/www.env.nm.gov\/general\/epa-and-nmed-informal-resolution-agreement-no-09r-02-r6-public-participation-limited-english-proficiency-and-non-employee-disability-policies\/","title":{"rendered":"EPA and NMED Informal Resolution Agreement No. 09R-02-R6: Public Participation, Limited English Proficiency, and Non-Employee Disability Policies"},"content":{"rendered":"\n<p>On January 19, 2017, the New Mexico Environment Department (NMED) entered into an Informal Resolution Agreement with the U.S. Environmental Protection Agency (EPA) to resolve a civil rights compliant that had been filed with EPA against NMED in 2002 (No. 09R-02-R6). As part of the Informal Resolution Agreement, NMED has instituted, and will be implementing, the following policies, which have been approved by EPA:<\/p>\n\n\n\n<p><a href=\"\/wp-content\/uploads\/sites\/10\/2018\/02\/NMED-Policy-and-Procedure-07-10.pdf\">NMED Policy &amp; Procedure 07-10: Non-Employee Disability<\/a><\/p>\n\n\n\n<p><a href=\"\/wp-content\/uploads\/sites\/10\/2018\/02\/NMED-Policy-and-Procedure-07-11.pdf\">NMED Policy &amp; Procedure 07-11: Limited English Proficiency<\/a><\/p>\n\n\n\n<p><a href=\"\/wp-content\/uploads\/sites\/10\/2018\/02\/ISpeakCards2004.pdf\">I Speak<\/a><\/p>\n\n\n\n<p><a href=\"\/wp-content\/uploads\/sites\/10\/2018\/02\/NMED-Policy-and-Procedure-07-13.pdf\">NMED Policy &amp; Procedure 07-13: Public Participation<\/a><\/p>\n\n\n\n<p><a href=\"https:\/\/ejscreen.epa.gov\/mapper\/help\/ejscreen_help.pdf\">EJScreen Users Guide<\/a><\/p>\n\n\n\n<p>Pol\u00edticas En Espanol:<\/p>\n\n\n\n<p><a href=\"\/wp-content\/uploads\/sites\/10\/2018\/02\/NMED-Policy-and-Procedure-07-10-Spanish.pdf\">NMED POL\u00cdTICA Y PROCEDIMIENTO 07-10: Pol\u00edtica Relativa a Accesibilidad y Difusi\u00f3n para No Empleados con Discapacidades<\/a><\/p>\n\n\n\n<p><a href=\"\/wp-content\/uploads\/sites\/10\/2018\/02\/NMED-Policy-and-Procedure-07-11-Spanish.pdf\">NMED POL\u00cdTICA Y PROCEDIMIENTO 07-11: Pol\u00edtica Relativa a Accesibilidad y Difusi\u00f3n para Dominio Limitado del Ingl\u00e9s<\/a><\/p>\n\n\n\n<p><a href=\"\/wp-content\/uploads\/sites\/10\/2018\/02\/NMED-Policy-and-Procedure-07-13-Spanish.pdf\">NMED POL\u00cdTICA Y PROCEDIMIENTO 07-13: Participaci\u00f3n del P\u00fablico<\/a><\/p>\n","protected":false},"excerpt":{"rendered":"<p>On January 19, 2017, the New Mexico Environment Department (NMED) entered into an Informal Resolution Agreement with the U.S. Environmental Protection Agency (EPA) to resolve a civil rights compliant that had been filed with EPA against NMED in 2002 (No. 09R-02-R6). As part of the Informal Resolution Agreement, NMED has instituted, and will be implementing, [&hellip;]<\/p>\n","protected":false},"author":1,"featured_media":0,"parent":0,"menu_order":0,"comment_status":"closed","ping_status":"closed","template":"","meta":{"footnotes":""},"class_list":["post-35","page","type-page","status-publish","hentry"],"_links":{"self":[{"href":"https:\/\/www.env.nm.gov\/general\/wp-json\/wp\/v2\/pages\/35","targetHints":{"allow":["GET"]}}],"collection":[{"href":"https:\/\/www.env.nm.gov\/general\/wp-json\/wp\/v2\/pages"}],"about":[{"href":"https:\/\/www.env.nm.gov\/general\/wp-json\/wp\/v2\/types\/page"}],"author":[{"embeddable":true,"href":"https:\/\/www.env.nm.gov\/general\/wp-json\/wp\/v2\/users\/1"}],"replies":[{"embeddable":true,"href":"https:\/\/www.env.nm.gov\/general\/wp-json\/wp\/v2\/comments?post=35"}],"version-history":[{"count":2,"href":"https:\/\/www.env.nm.gov\/general\/wp-json\/wp\/v2\/pages\/35\/revisions"}],"predecessor-version":[{"id":222,"href":"https:\/\/www.env.nm.gov\/general\/wp-json\/wp\/v2\/pages\/35\/revisions\/222"}],"wp:attachment":[{"href":"https:\/\/www.env.nm.gov\/general\/wp-json\/wp\/v2\/media?parent=35"}],"curies":[{"name":"wp","href":"https:\/\/api.w.org\/{rel}","templated":true}]}}