{"id":336,"date":"2025-03-11T21:42:35","date_gmt":"2025-03-11T21:42:35","guid":{"rendered":"https:\/\/www.env.nm.gov\/occupational_health_safety\/heat-illness-and-injury-prevention\/"},"modified":"2026-03-19T19:44:29","modified_gmt":"2026-03-20T01:44:29","slug":"heat-illness-and-injury-prevention","status":"publish","type":"page","link":"https:\/\/www.env.nm.gov\/occupational_health_safety\/heat-illness-and-injury-prevention\/","title":{"rendered":"Heat Illness and Injury Prevention"},"content":{"rendered":"\n<h2 class=\"wp-block-heading has-large-font-size\">Occupational Health and Safety Bureau Proposes Heat Exposure Rule<\/h2>\n\n\n\n<figure class=\"wp-block-image size-large\"><img decoding=\"async\" src=\"https:\/\/www.env.nm.gov\/occupational_health_safety\/wp-content\/uploads\/sites\/12\/2025\/03\/Sunset-1024x347.jpeg\" alt=\"Colorful sunset\" class=\"wp-image-667\" \/><\/figure>\n\n\n\n<div style=\"height:15px\" aria-hidden=\"true\" class=\"wp-block-spacer\"><\/div>\n\n\n\n<p>The New Mexico Environment Department (NMED), Occupational Health and Safety Bureau (OHSB) initiated the rule making process to promulgate a New Mexico Heat Illness and Injury Prevention rule. OHSB drafted of the Heat Illness and Injury Prevention rule that is open for public comment and petitioned the Environmental Improvement Board (EIB) for a hearing on adoption of the rule. OHSB will open an online portal for public comment on April 1, 2025.<\/p>\n\n\n\n<p>Physical exertion in high heat conditions is a known workplace hazard that can result in heat exhaustion and heat stroke as well as long term conditions such as heart and kidney damage, neurological dysfunction, and death. The hazards of work in high heat environments can often be abated by relatively simple practices such as increased rest periods, provision of shade, and having adequate drinking water available to workers. There is currently no rule or federal standard addressing heat exposure in the workplace.<\/p>\n\n\n\n<p>The Federal Occupational Safety and Health Administration (OSHA) has recognized heat in the workplace as a known hazard, and in 2022 issued a National Emphasis Program (NEP) to address and further study heat illnesses and injuries in the workplace. OHSB adopted the OSHA&#8217;s Heat NEP in April of 2023. Federal OSHA published a draft Heat Illness and Injury Standard, which is in the rule making process, but it is unclear when the new standard may be adopted.<\/p>\n\n\n\n<p>The rule that NMED proposed to the EIB will provide the OHSB with the tools necessary to assist New Mexico employers in keeping their workforce safe from heat related illnesses and injuries. The rule will also provide regulatory framework to hold employers accountable if they fail to protect workers from known hazards such as heat, including the authority to prevent employers from exposing workers to conditions which pose an imminent danger.&nbsp;<\/p>\n\n\n\n<p>Below are links to documents and resources on the rule making process for the proposed Heat Illness and Injury Prevention rule:<\/p>\n\n\n<div class='nmenv_accordion'><div class='nmenv_accordion_item level_0'><div class='nmenv_accordion_item_title'><i class='fas fa-chevron-right' aria-hidden='true'><\/i><h2 class=\"wp-block-heading\">Rulemaking Documents<\/h2><\/div><div class='nmenv_accordion_item_body'>\n\n\n\n<p>Rulemaking Documents will be added to the table below as they are published.<\/p>\n\n\n\n<figure class=\"wp-block-table\"><table><thead><tr><th><strong>Document<\/strong><\/th><th><strong>Document Link<\/strong><\/th><th><strong>Author<\/strong><\/th><th><strong>Date<\/strong><\/th><\/tr><\/thead><tbody><tr><td>Proposed Heat Illness and Injury Rule<\/td><td><a href=\"https:\/\/www.env.nm.gov\/occupational_health_safety\/wp-content\/uploads\/sites\/12\/2025\/03\/NMED-Heat-Illness-and-Injury-Prevention-Rule.pdf\" data-type=\"page\" data-id=\"45\">Download Proposed Rule<\/a><\/td><td>OHSB<\/td><td>3\/12\/2025<\/td><\/tr><tr><td>Petition and Hearing Request<\/td><td><a href=\"https:\/\/www.env.nm.gov\/occupational_health_safety\/wp-content\/uploads\/sites\/12\/2025\/03\/OHSB-Petition-and-Statement-of-Reasons.pdf\">Download Petition<\/a><\/td><td>OHSB<\/td><td>3\/13\/2025<\/td><\/tr><tr><td>Petition Press Release<\/td><td><a href=\"https:\/\/www.env.nm.gov\/occupational_health_safety\/wp-content\/uploads\/sites\/12\/2025\/03\/2025-03-14-COMMS-NMED-petitions-for-rule-on-workplace-heat-protection-Final.pdf\">NMED Press Release<\/a><\/td><td>NMED<\/td><td>3\/14\/2025<\/td><\/tr><tr><td>Public Involvement Plan<\/td><td><a href=\"https:\/\/www.env.nm.gov\/occupational_health_safety\/wp-content\/uploads\/sites\/12\/2025\/04\/Heat-Injury-and-Illness-Prevetion-PIP.pdf\">Download Heat PIP English<\/a><br><a href=\"https:\/\/www.env.nm.gov\/occupational_health_safety\/wp-content\/uploads\/sites\/12\/2025\/04\/1-NM-OSHA_Spanish_Heat-Injury-and-Illness-Prevetion-PIP-Final-003.pdf\">Download PIP Spanish<\/a><\/td><td>NMED<\/td><td>3\/31\/2025<\/td><\/tr><tr><td>Limited English Proficiency Assessment<\/td><td><a href=\"https:\/\/www.env.nm.gov\/occupational_health_safety\/wp-content\/uploads\/sites\/12\/2025\/04\/LEP-Heat-Illness-and-Injury-Rule.pdf\">Download LEP<\/a><\/td><td>NMED<\/td><td>3\/31\/2025<\/td><\/tr><tr><td>Notice of Comment Period<\/td><td><a href=\"https:\/\/www.env.nm.gov\/occupational_health_safety\/wp-content\/uploads\/sites\/12\/2025\/04\/60-day-Comment-Notice.pdf\">Download Notice English<\/a><br><a href=\"https:\/\/www.env.nm.gov\/occupational_health_safety\/wp-content\/uploads\/sites\/12\/2025\/04\/2-NM-OSHA_Spanish_60-day-Comment-Notice-003.pdf\">Download Notice Spanish<\/a><\/td><td>NMED<\/td><td>3\/31\/2025<\/td><\/tr><tr><td>Notice of Rulemaking Hearing<\/td><td><a href=\"https:\/\/www.env.nm.gov\/occupational_health_safety\/wp-content\/uploads\/sites\/12\/2025\/04\/Notice-of-Rulemaking-Hearing-Final.pdf\">English Notice of Rulemaking Hearing<\/a><br><br><a href=\"https:\/\/www.env.nm.gov\/occupational_health_safety\/wp-content\/uploads\/sites\/12\/2025\/04\/NM-OSHA_Spanish_Notice-of-Rulemaking-Hearing-Final.pdf\">Spanish Notice of Rulemaking Hearing<\/a><\/td><td>NMED<\/td><td>4\/3\/2025<\/td><\/tr><tr><td>Order on Second Motion to Reset the Hearing Date<\/td><td><a href=\"https:\/\/www.env.nm.gov\/occupational_health_safety\/wp-content\/uploads\/sites\/12\/2026\/02\/2025-11-10-EIB-25-11-Order-on-2nd-Motion-to-Reset-Hrg-pj-1.pdf\">Download the Order<\/a><\/td><td>OHSB<\/td><td>11\/10\/2025<\/td><\/tr><\/tbody><\/table><\/figure>\n\n\n\n<\/div><\/div><div class='nmenv_accordion_item level_0'><div class='nmenv_accordion_item_title'><i class='fas fa-chevron-right' aria-hidden='true'><\/i><h2 class=\"wp-block-heading\">Public Comments<\/h2><\/div><div class='nmenv_accordion_item_body'>\n\n\n\n<p class=\"has-small-font-size\">Public Comments will be available from April 1, 2025 until the Environmental Improvement Board Hearing Date. <br>Tutorial videos on how to use the Public Comment Portal are available in both <a href=\"https:\/\/youtu.be\/narGKh_4HzY\">English<\/a> and <a href=\"https:\/\/www.youtube.com\/watch?v=sGhuYS_Ir4c\">Spanish<\/a><\/p>\n\n\n\n<div class=\"wp-block-buttons has-custom-font-size has-small-font-size is-layout-flex wp-block-buttons-is-layout-flex\">\n<div class=\"wp-block-button\"><a class=\"wp-block-button__link wp-element-button\" href=\"https:\/\/nmed.commentinput.com\/comment\/search\">Public Comment Portal<\/a><\/div>\n<\/div>\n\n\n<div class='table_wrapper'><table id='heat_exposure_rule' style='width:80%;'><\/table><\/div>\n\n\n\n<\/div><\/div><div class='nmenv_accordion_item level_0'><div class='nmenv_accordion_item_title'><i class='fas fa-chevron-right' aria-hidden='true'><\/i><h2 class=\"wp-block-heading\">Additional Resources<\/h2><\/div><div class='nmenv_accordion_item_body'>\n\n\n\n<ul class=\"wp-block-list\">\n<li><a href=\"https:\/\/www.osha.gov\/heat-exposure\">OSHA Heat Exposure Guidance<\/a> <\/li>\n\n\n\n<li><a href=\"https:\/\/www.cdc.gov\/niosh\/heat-stress\/about\/index.html\">National Institute for Occupational Safety and Health: Heat Stress and Workers<\/a><\/li>\n\n\n\n<li><a href=\"https:\/\/www.env.nm.gov\/occupational_health_safety\/wp-content\/uploads\/sites\/12\/2025\/06\/2025-Heat-Rule-fact-Sheet-Employers_no-hearing-date.pdf\">2025 Heat Rule fact Sheet Employers<\/a><\/li>\n\n\n\n<li><a href=\"https:\/\/www.env.nm.gov\/occupational_health_safety\/wp-content\/uploads\/sites\/12\/2025\/06\/1-NM-OSHA_Spanish_2025-Heat-Rule-fact-Sheet-Employees_No-hearing-date.pdf\">\u00bfC\u00f3mo afectar\u00e1 esta norma a los empleados de Nuevo M\u00e9xico?<\/a><\/li>\n\n\n\n<li><a href=\"https:\/\/www.env.nm.gov\/occupational_health_safety\/wp-content\/uploads\/sites\/12\/2025\/06\/2025-Heat-Rule-fact-Sheet-Employees_no-hearing-date.pdf\">2025 Heat Rule fact Sheet Employees<\/a><\/li>\n\n\n\n<li><a href=\"https:\/\/www.env.nm.gov\/occupational_health_safety\/wp-content\/uploads\/sites\/12\/2025\/06\/2-NM-OSHA-Spanish-2025-Heat-Rule-fact-Sheet-Employers_no-hearing-date.pdf\">\u00bfC\u00f3mo afectar\u00e1 esta norma a los empleadores que operan en Nuevo M\u00e9xico?<\/a><\/li>\n<\/ul>\n\n\n\n<\/div><\/div><div class='nmenv_accordion_item level_0'><div class='nmenv_accordion_item_title'><i class='fas fa-chevron-right' aria-hidden='true'><\/i><h2 class=\"wp-block-heading\">Outreach Events<\/h2><\/div><div class='nmenv_accordion_item_body'>\n\n\n\n<ul class=\"wp-block-list\">\n<li><a href=\"https:\/\/www.env.nm.gov\/occupational_health_safety\/wp-content\/uploads\/sites\/12\/2025\/05\/NMED_Heat-Rule-Flyer_Labor-Advocacy-Event_English.pdf\">NM Proposed Heat Rule Outreach Event: May 20<\/a><\/li>\n\n\n\n<li><a href=\"https:\/\/www.env.nm.gov\/occupational_health_safety\/wp-content\/uploads\/sites\/12\/2025\/05\/NMED_Heat-Rule-Flyer_Labor-Advocacy-Event_Spanish.pdf\">Evento de divulgaci\u00f3n para la regla propuesto de calor en Nuevo M\u00e9xico: 20 de mayo<\/a><\/li>\n\n\n\n<li><a href=\"https:\/\/www.env.nm.gov\/occupational_health_safety\/wp-content\/uploads\/sites\/12\/2025\/05\/NMED_Heat-Rule-Flyer_Industry-Event_English.pdf\">NM Proposed Heat Rule Outreach Event: May 21<\/a><\/li>\n\n\n\n<li><a href=\"https:\/\/www.env.nm.gov\/occupational_health_safety\/wp-content\/uploads\/sites\/12\/2025\/05\/NMED_Heat-Rule-Flyer_Industry-Event_Spanish.pdf\">Evento de divulgaci\u00f3n para la regla propuesto de calor en Nuevo M\u00e9xico: 21 de mayo<\/a><\/li>\n\n\n\n<li><a href=\"https:\/\/www.env.nm.gov\/occupational_health_safety\/wp-content\/uploads\/sites\/12\/2025\/05\/NMED_Heat-Rule-Flyer_Industry-Event_English.pdf\">NM Proposed Heat Rule Ou<\/a><a href=\"https:\/\/www.env.nm.gov\/occupational_health_safety\/wp-content\/uploads\/sites\/12\/2025\/05\/NMED_Heat-Rule-Flyer_Virtual-Forum_English.pdf\">treach Event: May 22<\/a><\/li>\n\n\n\n<li><a href=\"https:\/\/www.env.nm.gov\/occupational_health_safety\/wp-content\/uploads\/sites\/12\/2025\/05\/NMED_Heat-Rule-Flyer_Virtual-Forum_Spanish.pdf\">Evento de divulgaci\u00f3n para la regla propuesto de calor en Nuevo M\u00e9xico: 22 de mayo<\/a><\/li>\n<\/ul><\/div><\/div><\/div>\n","protected":false},"excerpt":{"rendered":"<p>Occupational Health and Safety Bureau Proposes Heat Exposure Rule The New Mexico Environment Department (NMED), Occupational Health and Safety Bureau (OHSB) initiated the rule making process to promulgate a New Mexico Heat Illness and Injury Prevention rule. OHSB drafted of the Heat Illness and Injury Prevention rule that is open for public comment and petitioned [&hellip;]<\/p>\n","protected":false},"author":0,"featured_media":0,"parent":0,"menu_order":0,"comment_status":"closed","ping_status":"closed","template":"","meta":{"footnotes":""},"class_list":["post-336","page","type-page","status-publish","hentry"],"_links":{"self":[{"href":"https:\/\/www.env.nm.gov\/occupational_health_safety\/wp-json\/wp\/v2\/pages\/336","targetHints":{"allow":["GET"]}}],"collection":[{"href":"https:\/\/www.env.nm.gov\/occupational_health_safety\/wp-json\/wp\/v2\/pages"}],"about":[{"href":"https:\/\/www.env.nm.gov\/occupational_health_safety\/wp-json\/wp\/v2\/types\/page"}],"replies":[{"embeddable":true,"href":"https:\/\/www.env.nm.gov\/occupational_health_safety\/wp-json\/wp\/v2\/comments?post=336"}],"version-history":[{"count":48,"href":"https:\/\/www.env.nm.gov\/occupational_health_safety\/wp-json\/wp\/v2\/pages\/336\/revisions"}],"predecessor-version":[{"id":418,"href":"https:\/\/www.env.nm.gov\/occupational_health_safety\/wp-json\/wp\/v2\/pages\/336\/revisions\/418"}],"wp:attachment":[{"href":"https:\/\/www.env.nm.gov\/occupational_health_safety\/wp-json\/wp\/v2\/media?parent=336"}],"curies":[{"name":"wp","href":"https:\/\/api.w.org\/{rel}","templated":true}]}}